{"id":133,"date":"2016-08-13T06:58:57","date_gmt":"2016-08-13T06:58:57","guid":{"rendered":"http:\/\/nyugodtsziv.hu\/?page_id=133"},"modified":"2021-04-26T00:12:06","modified_gmt":"2021-04-25T22:12:06","slug":"kozerdeku-informaciok","status":"publish","type":"page","link":"https:\/\/www.nyugodtsziv.hu\/?page_id=133","title":{"rendered":"Visszajelz\u00e9sek"},"content":{"rendered":"<p><a href=\"https:\/\/www.nyugodtsziv.hu\/wp-content\/uploads\/2016\/08\/OKLEVE\u0301L-e1541796723653.jpg\"><img loading=\"lazy\" class=\"alignnone size-medium wp-image-478 aligncenter\" src=\"https:\/\/www.nyugodtsziv.hu\/wp-content\/uploads\/2016\/08\/OKLEVE\u0301L-e1541796723653-225x300.jpg\" alt=\"OKLEVE\u0301L\" width=\"225\" height=\"300\" srcset=\"https:\/\/www.nyugodtsziv.hu\/wp-content\/uploads\/2016\/08\/OKLEVE\u0301L-e1541796723653-225x300.jpg 225w, https:\/\/www.nyugodtsziv.hu\/wp-content\/uploads\/2016\/08\/OKLEVE\u0301L-e1541796723653-768x1024.jpg 768w\" sizes=\"(max-width: 225px) 100vw, 225px\" \/><\/a><\/p>\n<p>Az itt k\u00f6vetkez\u0151kben k\u00f6sz\u00f6n\u0151 levelekb\u0151l mutatunk n\u00e9h\u00e1nyat:<a href=\"http:\/\/nyugodtsziv.hu\/wp-content\/uploads\/2016\/08\/OKLEVE\u0301L-e1541796723653.jpg\"><br \/>\n<\/a><\/p>\n<p>&#8220;Kedves bajban levo emberek tiszta szivbol merem nektek ajanlani ezt az alapitvanyt en szemely szerint nagy bajban voltam veszelyben volt alakhatasunk es ok rendkivul gyorsan segitettek kifizetni a lakber tartozasom egy reszet nagyon csaladcentrikusak es embersegesek fordulhatok hozzajuk bizalommal. Ez a csapat ink\u00e1bb egy csal\u00e1d \u00f6nzetlen \u00e9s seg\u00edt\u0151 k\u00e9sz sok sikert er\u0151t \u00e9s szerencs\u00e9t k\u00edv\u00e1nok a munk\u00e1jukhoz&#8221;<\/p>\n<p>&#8220;Tiszteletem ne haragudjanak hogy ha zavarok csak meg szeretem volna k\u00f6sz\u00f6nni amit kaptunk \u00f6n\u00f6kt\u00f6l a nyugodt sziv alapitv\u00e1nytol segits\u00e9get 4 gyermeket nevel\u00fcnk a p\u00e1romal \u00e9s nekem sziv betegs\u00e9gem let nagyon kil\u00e1t\u00e1stalan volt a hejzet\u00fcnk \u00e9s ekor fordultam \u00f6n\u00f6kh\u00f6z segits\u00e9g\u00e9rt amit kaptunk is elmaradot g\u00e1z vilany viz dij kiegyenlit\u00e9s\u00e9ben ha \u00f6n\u00f6k akor nem segitenek akor nem tudom hol tartan\u00e1nk meg h\u00e1l\u00e1lni nem tudom hogy lesz e lehet\u00f6s\u00e9gem de ugy&nbsp;gondolom hogy tartozok anyival hogy besz\u00e1moljak az \u00f6n\u00f6k segits\u00e9g\u00e9vel mire is jutotunk igaz nincs meg takaritot p\u00e9nz\u00fcnk de talpon vagyunk \u00e9s ezt mind \u00f6n\u00f6knek k\u00f6sz\u00f6nhes\u00fck ! sajnos le vagyok sz\u00e1zal\u00e9kolva igy nem sok hasznom van m\u00e1r de a segits\u00e9gb\u00f6l amit kaptunk let egy uj tal\u00e1n es\u00e9j\u00fcnk \u00e1latokat tartunk valamikor m\u00e9h\u00e9szkedtem \u00e9s most a p\u00e1rom segits\u00e9g\u00e9vel ujra kezt\u00fck most van 16 csal\u00e1d m\u00e9h \u00e9s 1 anya ny\u00fal unk a m\u00e9hek p\u00e9zt hoznak a nyul h\u00fast ad vannak elmarat sz\u00e1ml\u00e1ink m\u00e9g otps hitel h\u00e1z sz\u00fcleim temet\u00e9se &#8230; sorolhatn\u00e1m \u00e9s ez\u00e9rt fenyegetet minket a teljes cs\u00f6d de igy az \u00f6n\u00f6k segits\u00e9g\u00e9vel szer\u00e9nyeb de uj \u00e9letet tudunk kezdeni sz\u00e9p lassan de t\u00f6rleszget\u00fcnk mindent k\u00f6sz\u00f6net egy 4 gyermekes csal\u00e1dtol!!!!!!!!!!!!!!!!!!&#8221;<\/p>\n<p>&#8220;Dr\u00e1ga Mentorok! Nem felejtettem el a seg\u00edts\u00e9geteket, n\u00e9lk\u00fcletek ez nem j\u00f6hetett volna l\u00e9tre! Nagyon szeretlek benneteket \u00e9s k\u00f6sz\u00f6n\u00f6k sz\u00e9pen mindent!&#8221;<\/p>\n<p>&#8220;Nagyon h\u00e1l\u00e1s vagyok a Nyugodt Sz\u00edvnek! Ha nem seg\u00edtenek,\u00e9n m\u00e1r az utc\u00e1n lenn\u00e9k a gyermekeimmel. Kil\u00e1t\u00e1stalan helyzetem volt,g\u00f6d\u00f6rben voltam,amib\u0151l \u00f6ner\u0151b\u0151l nem tudtam kim\u00e1szni. Seg\u00edtettek amint lehet\u0151s\u00e9g\u00fck ad\u00f3dott r\u00e1,\u00e9s ezzel es\u00e9lyt adtak nek\u00fcnk a nyugodt,biztos \u00e9letre. Nagyon k\u00f6sz\u00f6nj\u00fck!&#8221;<\/p>\n<p>&#8220;SZERETN\u00c9K MEGK\u0150SZ\u00d6NI AZ ALAPITV\u00c1NYNAK HOGY SEGITETEK. UGYAN IS EGYED\u00dcL NEVELEK 3 KISKORU GYERMEKET SAJNOS 6 \u00c9VE V\u00c1NDOROLTUNK ALB\u00c9RLETR\u0150L ALB\u00c9RLETBE MOST V\u00c9GRE SIKER\u0170LT HOGY SAJN\u00c1T OTHONUNK LETT. H\u00c1L\u00c1S VAGYOK K\u0170L\u00d6N A MENTOROM&nbsp;T\u00dcRELM\u00c9 \u00c9RT A SEGITS\u00c9G\u00c9RT AMIT TETT VEL\u00dcNK. K\u0150SZ\u0150N\u00d6M AZ ALAPITV\u00c1NYNAK IS. NAGYON SZ\u00c9PEN K\u0150SZ\u00d6N\u00d6M A GYERMEKEIM NEV\u00c9BEN IS. MOST M\u00c1R MEG VAN A BOLDOGS\u00c1GUNK. \u00c9S SZ\u00c9P LESZ A KAR\u00c1CSONYUNK. MERT TAVAJ KAR\u00c1CSONYKOR KELLET K\u00d6LT\u00d6ZN\u00dcNK.BOLDOG VAGYOK HOGY SAJ\u00c1T OTHONUNK VAN.&#8221;<\/p>\n<p>&#8220;J\u00f3 napot k\u00edv\u00e1nok! Szeretn\u00e9m megk\u00f6sz\u00f6nni a Nyugodt Sz\u00edv Alap\u00edtv\u00e1ny seg\u00edts\u00e9g\u00e9t hogy \u00faj alb\u00e9rletbe tudtam k\u00f6lt\u00f6zni a beteg kisl\u00e1nyommal. Nagyon sz\u00e9pen k\u00f6sz\u00f6n\u00f6m.&#8221;<\/p>\n<p>A k\u00f6vetkez\u0151 k\u00e9t visszajelz\u00e9st csal\u00e1dseg\u00edt\u0151 \u00edrta a t\u00e1mogat\u00e1sunk ut\u00e1n:<\/p>\n<p>&#8220;Kedves Alap\u00edtv\u00e1nyi tagok!<\/p>\n<p>A mai napon realiz\u00e1l\u00f3dott a seg\u00edts\u00e9g, amit \u00d6n\u00f6kt\u0151l kapott \u00fcgyfelem. A rezsiutalv\u00e1nyok felt\u00f6lt\u00e9se sikeres volt, a mai napon meg is jelent az \u00fcgyf\u00e9l k\u00e1rty\u00e1j\u00e1n, amit \u00e1tadtam neki. Voltak tartoz\u00e1sai a b\u00e1csinak, illetve van egy rendelkez\u00e9sre \u00e1ll\u00e1si d\u00edj, amit levontak, \u00edgy 7025 forintot tudott az \u00fcgyint\u00e9z\u0151 fel\u00f6lteni a b\u00e1csi k\u00e1rty\u00e1j\u00e1ra. B\u00edzom benne, hogy ez elengend\u0151 lesz neki a j\u00f6v\u0151 h\u00f3napig, amikor rem\u00e9lhet\u0151leg \u00fajra kapni fogja az akt\u00edv kor\u00faak j\u00e1rad\u00e9k\u00e1t. Megnyugtat\u00e1sul szeretn\u00e9m mondani, hogy ezen t\u00fal ingyenes szoci\u00e1lis eb\u00e9det \u00e9s h\u00e1zi seg\u00edts\u00e9gny\u00fajt\u00e1st szerveztem a b\u00e1csinak, \u00e9s szoros gondoz\u00e1s alatt fogom tartani a j\u00f6v\u0151ben.<br \/>\nA seg\u00edts\u00e9g, amit \u00d6n\u00f6k ny\u00fajtottak felbecs\u00fclhetlen, k\u00fcl\u00f6n\u00f6sk\u00e9ppen annak gyorsas\u00e1ga miatt. Nagyon h\u00e1l\u00e1sak vagyunk \u00e9rte.<br \/>\nTisztelettel: MO. AD. csal\u00e1dseg\u00edt\u0151&#8221;<\/p>\n<p>&#8220;Rendes ember, csak h\u00e1t \u0151 is \u00e1ldozat \u00e9s olyan, mint egy nagy gyerek. Nagyon, nagyon \u00f6r\u00fclt &nbsp;a seg\u00edts\u00e9gnek. \u00c9n is nagyon k\u00f6sz\u00f6n\u00f6m, Csod\u00e1k ezek, amiknek mi is r\u00e9szesei lehet\u00fcnk.&#8221;<\/p>\n<p>&#8220;Ez\u00faton szeretn\u00e9m megk\u00f6sz\u00f6nni az alap\u00edtv\u00e1nynak, a kurat\u00f3riumnak a gyors seg\u00edts\u00e9get, mert \u00d6n\u00f6k \u00e1ltal siker\u00fclt kifizetnem az alb\u00e9rleti d\u00edjat ebben a h\u00f3napban, term\u00e9szetesen k\u00fcl\u00f6n k\u00f6sz\u00f6net a mentorom&nbsp;k\u00f6zbenj\u00e1r\u00e1s\u00e1nak, aki imm\u00e1ron 20 h\u00f3napja k\u00eds\u00e9ri figyelemmel, t\u00fcrelemmel \u00e9s seg\u00edti j\u00f3 tan\u00e1csaival, \u00e1ldozatk\u00e9sz munk\u00e1j\u00e1val, szeretet\u00e9vel az \u00e9letem alakul\u00e1s\u00e1t. Az\u00e9rt ide, itt \u00edrom ezt a p\u00e1r sort, mert azt k\u00e9rte, hogy ne \u00edrjak k\u00fcl\u00f6n posztban. \u00dagy gondolta ez sz\u00e1m\u00e1ra seg\u00edteni m\u00e1soknak, m\u00e1sokon \u00f6nk\u00e9tes &#8220;szolg\u00e1lat&#8221; \u00e9s term\u00e9szetes, nekem pedig az ez\u00e9rt \u00e9rzett h\u00e1la, s a k\u00f6sz\u00f6net az. K\u00edv\u00e1nok sok er\u0151t, kitart\u00e1s, \u00e9s a tov\u00e1bbiakban is eredm\u00e9nyes munk\u00e1t \u00d6n\u00f6knek valamint sz\u00e1mos olyan kedves, \u00f6nzetlen munkat\u00e1rsat, mint&nbsp;az \u00e9n mentorom&#8221;<\/p>\n<p>&#8220;Ism\u0117t k\u00f6sz\u00f6nettel tartozom az Alapitv\u00e0nynak.A segits\u0117g\u00fck n\u0117lk\u00fcl megfagytunk volna.H\u00e0l\u00e0s szivvel k\u00f6sz\u00f6nj\u00fck a nagyon gyors segits\u0117get \u0117s a mentoromnak k\u00fbl\u00f6n k\u00f6sz\u00f6n\u00f6m, hogy szem\u0117lyesen felkeresett Minket.Boldog sz\u0117p kar\u00e0csonyt \u0117s meleg otthont kiv\u00e0nok Mindenkinek.&#8221;<\/p>\n<p>Egy adom\u00e1nyoz\u00f3 \u00edrta:<\/p>\n<p>&#8220;Kedves Nyugodt Sz\u00edv! Nagyon sz\u00edvesen.&nbsp;Olyan j\u00f3 tudni, hogy nagy kitart\u00e1ssal dolgoztok ennek a sz\u00edvszor\u00edt\u00f3 \u00e1llapotnak az enyh\u00edt\u00e9s\u00e9n.&#8221;<\/p>\n<p>Egy csal\u00e1dseg\u00edt\u0151 \u00edrta a t\u00e1mogat\u00e1sunk ut\u00e1n:<\/p>\n<p>&#8220;Tisztelt Nyugodt Sz\u00edv!<\/p>\n<p>Mindh\u00e1rom gondozott sz\u00e1ml\u00e1j\u00e1ra meg\u00e9rkezett a p\u00e9nz. Mivel m\u00e1r nagyon k\u00f6zel vannak az \u00fcnnepek, ez\u00e9rt a f\u00e1kat m\u00e1r a mai napon nem sz\u00e1ll\u00edtj\u00e1k ki, csak a j\u00f6v\u0151 h\u00e9ten. Ez\u00e9rt a p\u00e9nzek maradtak a sz\u00e1ml\u00e1n, mert ott vannak a legbiztons\u00e1gosabb helyen. Amint mindenkit\u0151l beszerzem a sz\u00e1ml\u00e1t \u00e9s az \u00e1tv\u00e9teli elismerv\u00e9nyt, azonnal post\u00e1zom az Alap\u00edtv\u00e1ny c\u00edm\u00e9re. Nagyon sz\u00e9pen k\u00f6sz\u00f6nj\u00fck, hogy seg\u00edtett\u00e9k a gondozottainkat, ilyen gyorsan \u00e9s b\u0151s\u00e9ges \u00f6sszeggel. &nbsp;\u0150k is nagyon h\u00e1l\u00e1sak ez\u00e9rt, k\u00e9rt\u00e9k, hogy tolm\u00e1csoljam az \u00d6n\u00f6k r\u00e9sz\u00e9re.<\/p>\n<p>Csak egy kis id\u00e9zet jutott az eszembe, amit le is \u00edrok!<\/p>\n<p>\u201eK\u00e9tszer ad, aki gyorsan ad\u201d h\u00e1l\u00e1s k\u00f6sz\u00f6net ez\u00e9rt.<\/p>\n<p>K\u00edv\u00e1nunk az Alap\u00edtv\u00e1ny \u00f6sszes dolgoz\u00f3j\u00e1nak, \u00e1ldott B\u00e9k\u00e9s \u00dcnnepeket \u00e9s Boldog \u00daj Esztend\u0151t.&#8221;<\/p>\n<p>&#8220;Udv. Elsosorban boldog karacsonyt es kellemes unnepeket szeretnek onoknekt kivanni.<\/p>\n<p>sikerult megoldanunk az alberleti problemat , kertunk haladekot a tulajdonostol januarig es megertette problemankat. Ezuton szerettem volna megkoszonni a segitokeszseguket. Legyen aldott bekes karacsonyuk.&#8221;<\/p>\n<p>&#8220;Nagyon sz\u00e9pen k\u00f6sz\u00f6nj\u00fck a seg\u00edts\u00e9g\u00fcket \u00e9s azt is, hogy ennyire gyorsan tudtak seg\u00edteni nek\u00fcnk az egy havi sz\u00e1ll\u00e1s d\u00edj kifizet\u00e9s\u00e9ben! \u00d6n\u00f6knek k\u00f6sz\u00f6nhet\u0151en nem kellett elhagynunk a sz\u00e1ll\u00f3t, \u00e1tmeneti neh\u00e9zs\u00e9gek miatt. Ez nekem \u00e9s a l\u00e1nyomnak hatalmas seg\u00edts\u00e9g volt!<br \/>\nEgy\u00fattal engedj\u00e9k meg, hogy ut\u00f3lag Kellemes Kar\u00e1csonyt k\u00edv\u00e1njunk \u00e9s el\u0151re Boldog \u00daj \u00c9vet mindannyiuknak!&#8221;<\/p>\n<p>&#8220;Tisztelt Alap\u00edtv\u00e1ny!<br \/>\nKedves Mentor!<br \/>\nSzavakkal ki sem tudom fejezni h\u00e1l\u00e1mat \u00e9s k\u00f6sz\u00f6netemet \u00d6NNEK \u00e9s az ALAP\u00cdTV\u00c1NYNAK ,a nekem \u00e9s fiamnak ny\u00fajtott seg\u00edts\u00e9g\u00e9rt.<br \/>\nOlyan boldogs\u00e1got \u00e9s \u00f6r\u00f6met okoztak nek\u00fcnk,ami szavakkal ki sem fejezhet\u0151!<br \/>\nK\u00f6sz\u00f6n\u00f6m \u00d6nnek \u00e9s az Alap\u00edtv\u00e1nynak a&nbsp; seg\u00edts\u00e9get,el sem tudom mondani,milyen csod\u00e1latos \u00e9rz\u00e9s,hogy betudtam fizetni a sz\u00e1ml\u00e1imat,\u00e9s m\u00e9g a j\u00f6v\u0151 h\u00f3napiakat is betudom majd.<br \/>\n\u00dajra m\u00fck\u0151dik a boyler\u00fcnk \u00e9s v\u00e9gre zuhanyozhatunk,nem kell t\u0171zhelyen meleg\u00edteni a vizet a sz\u00edvbeteg fiamnak \u00e9s az \u00e9n cukorbeteg,\u00e9rsz\u0171k\u00fcletes l\u00e1bamnak.<br \/>\nNagyon boldog,eredm\u00e9nyekben \u00e9s t\u00e1mogat\u00f3kban gazdag \u00faj \u00e9vet k\u00edv\u00e1nok az Alap\u00edtv\u00e1nynak \u00e9s \u00d6nnek!<br \/>\nM\u00e9lys\u00e9ges k\u00f6sz\u00f6nettel \u00e9s h\u00e1l\u00e1val:<br \/>\n<wbr>&nbsp;&nbsp;&nbsp;&nbsp;&nbsp;&nbsp;&nbsp;&nbsp;&nbsp;&nbsp;&nbsp;&nbsp;&nbsp;&nbsp;&nbsp;&nbsp;&nbsp;&nbsp;&nbsp;&nbsp;&nbsp;&nbsp;&nbsp;&nbsp;&nbsp;&nbsp;&nbsp;&nbsp;&nbsp;&nbsp;<wbr>&nbsp;&nbsp;&nbsp;&nbsp;&nbsp;&nbsp;&nbsp;&nbsp; A.M. \u00e9s N.M. &#8220;<\/p>\n","protected":false},"excerpt":{"rendered":"<p>Az itt k\u00f6vetkez\u0151kben k\u00f6sz\u00f6n\u0151 levelekb\u0151l mutatunk n\u00e9h\u00e1nyat: &#8220;Kedves bajban levo emberek tiszta szivbol merem nektek ajanlani ezt az alapitvanyt en szemely szerint nagy bajban voltam veszelyben volt alakhatasunk es ok rendkivul gyorsan segitettek kifizetni a lakber tartozasom egy reszet nagyon csaladcentrikusak es embersegesek fordulhatok hozzajuk bizalommal. Ez a csapat ink\u00e1bb egy csal\u00e1d \u00f6nzetlen \u00e9s seg\u00edt\u0151 &hellip; <a href=\"https:\/\/www.nyugodtsziv.hu\/?page_id=133\" class=\"more-link\"><span class=\"screen-reader-text\">Visszajelz\u00e9sek<\/span> r\u00e9szletei&#8230;<\/a><\/p>\n","protected":false},"author":4,"featured_media":0,"parent":0,"menu_order":5,"comment_status":"closed","ping_status":"closed","template":"","meta":[],"yoast_head":"<!-- This site is optimized with the Yoast SEO plugin v19.4 - https:\/\/yoast.com\/wordpress\/plugins\/seo\/ -->\n<title>Visszajelz\u00e9sek -<\/title>\n<meta name=\"robots\" content=\"index, follow, max-snippet:-1, max-image-preview:large, max-video-preview:-1\" \/>\n<link rel=\"canonical\" href=\"https:\/\/www.nyugodtsziv.hu\/?page_id=133\" \/>\n<meta property=\"og:locale\" content=\"hu_HU\" \/>\n<meta property=\"og:type\" content=\"article\" \/>\n<meta property=\"og:title\" content=\"Visszajelz\u00e9sek -\" \/>\n<meta property=\"og:description\" content=\"Az itt k\u00f6vetkez\u0151kben k\u00f6sz\u00f6n\u0151 levelekb\u0151l mutatunk n\u00e9h\u00e1nyat: &#8220;Kedves bajban levo emberek tiszta szivbol merem nektek ajanlani ezt az alapitvanyt en szemely szerint nagy bajban voltam veszelyben volt alakhatasunk es ok rendkivul gyorsan segitettek kifizetni a lakber tartozasom egy reszet nagyon csaladcentrikusak es embersegesek fordulhatok hozzajuk bizalommal. Ez a csapat ink\u00e1bb egy csal\u00e1d \u00f6nzetlen \u00e9s seg\u00edt\u0151 &hellip; Visszajelz\u00e9sek r\u00e9szletei...\" \/>\n<meta property=\"og:url\" content=\"https:\/\/www.nyugodtsziv.hu\/?page_id=133\" \/>\n<meta property=\"article:modified_time\" content=\"2021-04-25T22:12:06+00:00\" \/>\n<meta name=\"twitter:card\" content=\"summary_large_image\" \/>\n<meta name=\"twitter:label1\" content=\"Becs\u00fclt olvas\u00e1si id\u0151\" \/>\n\t<meta name=\"twitter:data1\" content=\"8 perc\" \/>\n<script type=\"application\/ld+json\" class=\"yoast-schema-graph\">{\"@context\":\"https:\/\/schema.org\",\"@graph\":[{\"@type\":\"WebSite\",\"@id\":\"https:\/\/www.nyugodtsziv.hu\/#website\",\"url\":\"https:\/\/www.nyugodtsziv.hu\/\",\"name\":\"\",\"description\":\"\",\"potentialAction\":[{\"@type\":\"SearchAction\",\"target\":{\"@type\":\"EntryPoint\",\"urlTemplate\":\"https:\/\/www.nyugodtsziv.hu\/?s={search_term_string}\"},\"query-input\":\"required name=search_term_string\"}],\"inLanguage\":\"hu\"},{\"@type\":\"WebPage\",\"@id\":\"https:\/\/www.nyugodtsziv.hu\/?page_id=133\",\"url\":\"https:\/\/www.nyugodtsziv.hu\/?page_id=133\",\"name\":\"Visszajelz\u00e9sek -\",\"isPartOf\":{\"@id\":\"https:\/\/www.nyugodtsziv.hu\/#website\"},\"datePublished\":\"2016-08-13T06:58:57+00:00\",\"dateModified\":\"2021-04-25T22:12:06+00:00\",\"breadcrumb\":{\"@id\":\"https:\/\/www.nyugodtsziv.hu\/?page_id=133#breadcrumb\"},\"inLanguage\":\"hu\",\"potentialAction\":[{\"@type\":\"ReadAction\",\"target\":[\"https:\/\/www.nyugodtsziv.hu\/?page_id=133\"]}]},{\"@type\":\"BreadcrumbList\",\"@id\":\"https:\/\/www.nyugodtsziv.hu\/?page_id=133#breadcrumb\",\"itemListElement\":[{\"@type\":\"ListItem\",\"position\":1,\"name\":\"Home\",\"item\":\"https:\/\/www.nyugodtsziv.hu\/\"},{\"@type\":\"ListItem\",\"position\":2,\"name\":\"Visszajelz\u00e9sek\"}]}]}<\/script>\n<!-- \/ Yoast SEO plugin. -->","yoast_head_json":{"title":"Visszajelz\u00e9sek -","robots":{"index":"index","follow":"follow","max-snippet":"max-snippet:-1","max-image-preview":"max-image-preview:large","max-video-preview":"max-video-preview:-1"},"canonical":"https:\/\/www.nyugodtsziv.hu\/?page_id=133","og_locale":"hu_HU","og_type":"article","og_title":"Visszajelz\u00e9sek -","og_description":"Az itt k\u00f6vetkez\u0151kben k\u00f6sz\u00f6n\u0151 levelekb\u0151l mutatunk n\u00e9h\u00e1nyat: &#8220;Kedves bajban levo emberek tiszta szivbol merem nektek ajanlani ezt az alapitvanyt en szemely szerint nagy bajban voltam veszelyben volt alakhatasunk es ok rendkivul gyorsan segitettek kifizetni a lakber tartozasom egy reszet nagyon csaladcentrikusak es embersegesek fordulhatok hozzajuk bizalommal. Ez a csapat ink\u00e1bb egy csal\u00e1d \u00f6nzetlen \u00e9s seg\u00edt\u0151 &hellip; Visszajelz\u00e9sek r\u00e9szletei...","og_url":"https:\/\/www.nyugodtsziv.hu\/?page_id=133","article_modified_time":"2021-04-25T22:12:06+00:00","twitter_card":"summary_large_image","twitter_misc":{"Becs\u00fclt olvas\u00e1si id\u0151":"8 perc"},"schema":{"@context":"https:\/\/schema.org","@graph":[{"@type":"WebSite","@id":"https:\/\/www.nyugodtsziv.hu\/#website","url":"https:\/\/www.nyugodtsziv.hu\/","name":"","description":"","potentialAction":[{"@type":"SearchAction","target":{"@type":"EntryPoint","urlTemplate":"https:\/\/www.nyugodtsziv.hu\/?s={search_term_string}"},"query-input":"required name=search_term_string"}],"inLanguage":"hu"},{"@type":"WebPage","@id":"https:\/\/www.nyugodtsziv.hu\/?page_id=133","url":"https:\/\/www.nyugodtsziv.hu\/?page_id=133","name":"Visszajelz\u00e9sek -","isPartOf":{"@id":"https:\/\/www.nyugodtsziv.hu\/#website"},"datePublished":"2016-08-13T06:58:57+00:00","dateModified":"2021-04-25T22:12:06+00:00","breadcrumb":{"@id":"https:\/\/www.nyugodtsziv.hu\/?page_id=133#breadcrumb"},"inLanguage":"hu","potentialAction":[{"@type":"ReadAction","target":["https:\/\/www.nyugodtsziv.hu\/?page_id=133"]}]},{"@type":"BreadcrumbList","@id":"https:\/\/www.nyugodtsziv.hu\/?page_id=133#breadcrumb","itemListElement":[{"@type":"ListItem","position":1,"name":"Home","item":"https:\/\/www.nyugodtsziv.hu\/"},{"@type":"ListItem","position":2,"name":"Visszajelz\u00e9sek"}]}]}},"_links":{"self":[{"href":"https:\/\/www.nyugodtsziv.hu\/index.php?rest_route=\/wp\/v2\/pages\/133"}],"collection":[{"href":"https:\/\/www.nyugodtsziv.hu\/index.php?rest_route=\/wp\/v2\/pages"}],"about":[{"href":"https:\/\/www.nyugodtsziv.hu\/index.php?rest_route=\/wp\/v2\/types\/page"}],"author":[{"embeddable":true,"href":"https:\/\/www.nyugodtsziv.hu\/index.php?rest_route=\/wp\/v2\/users\/4"}],"replies":[{"embeddable":true,"href":"https:\/\/www.nyugodtsziv.hu\/index.php?rest_route=%2Fwp%2Fv2%2Fcomments&post=133"}],"version-history":[{"count":15,"href":"https:\/\/www.nyugodtsziv.hu\/index.php?rest_route=\/wp\/v2\/pages\/133\/revisions"}],"predecessor-version":[{"id":741,"href":"https:\/\/www.nyugodtsziv.hu\/index.php?rest_route=\/wp\/v2\/pages\/133\/revisions\/741"}],"wp:attachment":[{"href":"https:\/\/www.nyugodtsziv.hu\/index.php?rest_route=%2Fwp%2Fv2%2Fmedia&parent=133"}],"curies":[{"name":"wp","href":"https:\/\/api.w.org\/{rel}","templated":true}]}}